is 30135123 - -4?
30135131
In base 13, what is 780936 + -1b?
780918
In base 16, what is 3dd0f + a56?
3e765
In base 3, what is 1102120200022 + -2?
1102120200020
In base 16, what is -1fcb8 - -1f0?
-1fac8
In base 16, what is 4d804a - 4?
4d8046
In base 9, what is 3144547 + 13?
3144561
In base 7, what is 6645401656 - 1?
6645401655
In base 16, what is -8 - -e70284b?
e702843
In base 11, what is -26 - 156429?
-156454
In base 4, what is 30211 + 3131012?
3221223
In base 7, what is -4643314 + 1?
-4643313
In base 6, what is 341041114 + -5?
341041105
In base 8, what is 22462007 - -5?
22462014
In base 16, what is -1b91 + -1415?
-2fa6
In base 13, what is -2 + -5c944?
-5c946
In base 12, what is 5938 - -a9a?
6816
In base 10, what is -48900076 + 1?
-48900075
In base 4, what is -203 + 1302230321132?
1302230320323
In base 5, what is 302222330 - -13130?
302241010
In base 16, what is a72 - -bd?
b2f
In base 3, what is 22002212021120 - -11?
22002212021201
In base 5, what is -100230234304 + 22?
-100230234232
In base 12, what is 22a6a - 387?
226a3
In base 5, what is -3312 - 134234?
-143101
In base 11, what is -4a + -4619016?
-4619065
In base 2, what is 10011111001110111000110010 - 111?
10011111001110111000101011
In base 14, what is -6 - 528a2c?
-528a34
In base 7, what is 12 + -10660562?
-10660550
In base 12, what is -63b + 26b3a?
264bb
In base 10, what is 148665 - -84?
148749
In base 15, what is 5c5 + 10627?
10bec
In base 14, what is d1 + 6d993?
6da84
In base 16, what is 23 - 2a9d7?
-2a9b4
In base 6, what is 1354 + 442241?
444035
In base 15, what is 1a1 - 581?
-3d0
In base 9, what is -13817 + -272581?
-286508
In base 15, what is -28 + -cd5306?
-cd532e
In base 13, what is -5b77a91 + -2?
-5b77a93
In base 9, what is 17453856 - 2?
17453854
In base 6, what is -3 + -5433033253?
-5433033300
In base 7, what is 1251305 + -5114?
1243161
In base 3, what is 1121220122110110 + -110?
1121220122110000
In base 8, what is -3544 + 223651?
220105
In base 5, what is -30 + -242130?
-242210
In base 14, what is -22dbb8c - 0?
-22dbb8c
In base 4, what is -2101 - -32120?
30013
In base 15, what is -4be9 + -a45?
-573e
In base 3, what is -20221121 - 21112?
-21020010
In base 8, what is 652 - -2270741?
2271613
In base 5, what is -103431 - -4104040?
4000104
In base 12, what is -512054a5 - 3?
-512054a8
In base 2, what is 10110 - -100011110001011110010101?
100011110001011110101011
In base 6, what is 13 + -14413234?
-14413221
In base 3, what is -1002020211210 - 10111?
-1002020222021
In base 9, what is 4 + -2705830?
-2705825
In base 7, what is -51 - -216353556?
216353505
In base 15, what is a + 94ea?
9505
In base 3, what is 0 - -2220012021001?
2220012021001
In base 3, what is -110 - 1220012000001?
-1220012000111
In base 7, what is 126 + -1502050?
-1501621
In base 15, what is -650db - -4?
-650d7
In base 16, what is 20f152 - e9?
20f069
In base 8, what is 2135 - 370?
1545
In base 5, what is 202310104 - -10?
202310114
In base 7, what is -451536 + 6?
-451530
In base 11, what is 2 - -15723460?
15723462
In base 12, what is 387 - 139369?
-138ba2
In base 10, what is -11032286 + 3?
-11032283
In base 11, what is -115 + -1682206?
-1682320
In base 11, what is 0 + 20789284?
20789284
In base 13, what is -14ac041 - -10?
-14ac031
In base 12, what is 68735bb + -3?
68735b8
In base 10, what is 4 - -3213469?
3213473
In base 11, what is -60 + 26577?
26517
In base 3, what is 212 - 1102221201101200?
-1102221201100211
In base 9, what is 16435 + 2623?
20158
In base 7, what is 13 - 21613214?
-21613201
In base 11, what is -51179 + 59?
-51120
In base 3, what is -1 - 1211021110000?
-1211021110001
In base 11, what is 1459 - 1180?
289
In base 9, what is -2737 - -8870?
6132
In base 14, what is 13 - 232d56a?
-232d557
In base 10, what is -6766 - 1369?
-8135
In base 14, what is -122 + -7b1c7?
-7b309
In base 12, what is -519 + -45a5?
-4b02
In base 5, what is 3133310133 - 231?
3133304402
In base 12, what is -6 + 92531?
92527
In base 12, what is -738 - -124a3?
11967
In base 12, what is -70b3472 + -1a?
-70b3490
In base 15, what is 863eb + -79?
86372
In base 10, what is 11 + -3601923?
-3601912
In base 7, what is 63020 - -1340?
64360
In base 2, what is 10000110101010000100 + 1000011?
10000110101011000111
In base 10, what is -16804 + 70?
-16734
In base 14, what is -57acc6 - -3?
-57acc3
In base 13, what is -514630 + 12?
-51461b
In base 6, what is 1035443 - -52?
1035535
In base 16, what is -2f64 + 54d3?
256f
In base 7, what is 342641226 - 31?
342641165
In base 13, what is 1286933 - 4?
128692c
In base 15, what is 7 - 22cd115?
-22cd10d
In base 2, what is 101 + 100011010100011110010?
100011010100011110111
In base 4, what is -10222 - 33100?
-103322
In base 13, what is 2c89553c - 2?
2c89553a
In base 9, what is 24735342 + 37?
24735380
In base 6, what is 10001 + 3221?
13222
In base 4, what is -23021001013 + -11?
-23021001030
In base 11, what is -242833 + -26?
-242859
In base 4, what is -1132213 + 3032032?
1233213
In base 4, what is -1302 + -11303202?
-11311110
In base 6, what is -5 - 22245043112?
-22245043121
In base 10, what is 51718 + -1821?
49897
In base 11, what is 14 + 941456?
94146a
In base 4, what is -31003 + -11313300?
-12010303
In base 6, what is 0 + 4154552?
4154552
In base 14, what is -6ad - 3297?
-3966
In base 8, what is 3 + 13735172?
13735175
In base 15, what is -11 + -192da8b?
-192da9c
In base 7, what is 350115 - 1340?
345445
In base 4, what is -22003020 + -210010?
-22213030
In base 14, what is 1d0a9 - -7225?
262d0
In base 6, what is -251 - 1432123?
-1432414
In base 15, what is 142e357 + -8?
142e34e
In base 10, what is -428 + 325136?
324708
In base 14, what is 4 - 5aa4dc4?
-5aa4dc0
In base 7, what is 1620543444 + 4?
1620543451
In base 16, what is -5329 + b8c?
-479d
In base 8, what is -5000 + 76170?
71170
In base 2, what is -10 + -101010100101011010011111?
-101010100101011010100001
In base 4, what is 2 + 3300220011101?
3300220011103
In base 16, what is 167d - c53?
a2a
In base 9, what is 6173834 + 22?
6173856
In base 3, what is 2022 - 110012102022?
-110012100000
In base 8, what is 50013246 + -25?
50013221
In base 7, what is -121263013214 - 1?
-121263013215
In base 6, what is 4112 - -151322?
155434
In base 9, what is 5 - -3524027?
3524033
In base 16, what is b2c6 - 198?
b12e
In base 8, what is 3172 - 2337227?
-2334035
In base 7, what is 2 - -204464512?
204464514
In base 15, what is 43 + 70306a?
7030ad
In base 13, what is 18a0433 + 2?
18a0435
In base 16, what is 1290 - 9b8?
8d8
In base 14, what is 12 + 13b682?
13b694
In base 16, what is -2 - 1fe8a16?
-1fe8a18
In base 6, what is 444034033 - -5?
444034042
In base 12, what is 20b0 + 420?
2510
In base 15, what is 5 + -42101?
-420eb
In base 14, what is -4 - 478d73?
-478d77
In base 15, what is -17c5d + 13?
-17c4a
In base 7, what is -631423 - -115?
-631305
In base 3, what is -2122110 + -101220021020?
-101222220200
In base 11, what is -8 + -660a66?
-660a73
In base 8, what is 7 + -216464361?
-216464352
In base 11, what is -18a3360a5 + -5?
-18a3360aa
In base 5, what is -13 + -201331001?
-201331014
In base 16, what is 4 + 949440c?
9494410
In base 5, what is 1204 - -243211?
244420
In base 7, what is 5204660 - 43?
5204614
In base 16, what is -22ec - -34c1?
11d5
In base 7, what is -64626355 - -2?
-64626353
In base 15, what is 3a1 + -1ec48?
-1e897
In base 7, what is 0 - 13166165?
-13166165
In base 12, what is 5 - -48a373a?
48a3743
In base 2, what is 1010 + -11110010001110010101?
-11110010001110001011
In base 15, what is -19ee0 - 0?
-19ee0
In base 13, what is -2 + -2867044?
-2867046
In base 15, what is 4a92b - -225?
4ab51
In base 3, what is 1 - -12001111111212121?
12001111111212122
In base 6, what is 10 - -3001434351?
3001434401
In base 11, what is -623 - 33410?
-33a33
In base 7, what is 634253642 + -5?
634253634
In base 13, what is -5a - 16456c?
-1645c9
In base 5, what is -1310323443300 + 0?
-1310323443300
In base 8, what is -45036 - -23544?
-21272
In base 3, what is -2211 - 111201201112122?
-111201201122110
In base 2, what is -100010111101111010 + -10001011?
-100011000000000101
In base 11, what is 42a13 - -780?
43693
In base 3, what is 2 + -2120211222120121?
-2120211222120112
In base 13, what is 158a67 + 3?
158a6a
In base 4, what is 11 - -3002211001?
3002211012
In base 11, what is 5 - 16868a39?
-16868a34